4 + y. What is x(g)?
-13
Let u(j) be the third derivative of -j**4/12 - j**3/2 - 11*j**2. Determine u(3).
-9
Let p be (3 - 2) + (2 - 7). Suppose 4*a + 0*a = 8. Let d(m) = 3*m + 0*m + m**a - 3 - 2*m**2 + 2*m**2. What is d(p)?
1
Suppose 3*d + 2 = d. Let c be (d - -5)*6/8. Let b(j) = 4*j**2 + 13*j - 10. Let x(i) = -i**2 - 4*i + 3. Let h(f) = -2*b(f) - 7*x(f). Give h(c).
-4
Suppose 23*p = 20*p. Let o(c) = 2*c - 5. Calculate o(p).
-5
Let y(n) = -n**3 + 4*n**2 + n - 3. Let v(l) = -l**2 + 9*l + 14. Let m be (-8)/(-6) - 130/(-15). Let h be v(m). Give y(h).
1
Let q(y) be the first derivative of y**4/4 - y**3 + y**2 + y - 12. Determine q(2).
1
Let c(s) = -3*s**2 + 8*s**2 - 8*s**2 - 1 + 2*s**2. What is c(0)?
-1
Let s(w) = -w**2 - 8*w + 13. Let k be s(-9). Suppose 17 = k*v + 1. Let h = v - 8. Let c(a) = a**2 + 5*a + 2. Give c(h).
-2
Suppose -m - 2*m = 0. Suppose -z + 3 = -m. Let r(k) be the second derivative of -k**4/12 + k**3/6 - k. What is r(z)?
-6
Let a(c) = -5*c**3 + c**2 - 8*c - 1. Let p(t) = -t + 2. Let j be p(7). Let n(y) = -4*y**3 - 7*y. Let g(o) = j*a(o) + 6*n(o). Calculate g(5).
-5
Suppose 3*c + 2*m + 11 = -3*m, -5*c - 9 = -m. Let z(n) be the second derivative of n**4/4 + 2*n**3/3 + n**2 - 34*n. Give z(c).
6
Let k = -15 - -19. Let p(t) = -t**2 + 5. What is p(k)?
-11
Let s(y) = 2*y**2 - 1. Let m be s(2). Let c = -4 + m. Let j(u) be the second derivative of u**4/12 - u**3/2 - u**2 + u. What is j(c)?
-2
Let d = -30 + 24. Let c(t) = -t**2 - 7*t + 1. What is c(d)?
7
Let g(u) = -u + 2. Suppose -4*b + 2*b = -36. Suppose -2*d - b = -5*d. Suppose t = d*t. Determine g(t).
2
Let q(n) = -n**2 + 7*n + 2. Let i(x) = -x**3 - x + 6. Let u be i(0). Calculate q(u).
8
Let q(h) be the second derivative of -11*h**5/20 - h**4/12 - 3*h. Calculate q(1).
-12
Let l(w) = -2*w + 7. Let c = -7 - -15. Let a = -22 - -19. Let i = c + a. Determine l(i).
-3
Let x(h) = h**2 - 5*h + 6. Let q(y) = y - 14. Let j be q(19). What is x(j)?
6
Suppose 0 = 2*p, 0*x + 5*p - 60 = -4*x. Let u(h) = 2*h**2 - 1 + 4*h**2 - x*h**2 + 0. Determine u(-1).
-10
Let b = 6 - 12. Let s(p) = -2*p - 4. Determine s(b).
8
Let g(z) = -24*z. Let q(r) = -3*r. Let h(d) = 4*g(d) - 33*q(d). Determine h(-4).
-12
Let n = -5 + 8. Let v be ((-2)/(-4))/(n/(-30)). Let y(l) = -l**3 - 6*l**2 - 7*l. Determine y(v).
10
Suppose 3*i + 7 = -0*c + 2*c, 2*c - 5*i = 5. Suppose 0 = c*r - 2*r + 12. Let t(f) = -f**3 - 3*f**2 + 5*f - 2. Calculate t(r).
-6
Let v(j) = -j**3 - j**2 + 4*j + 3. Let o be 10 + -7 - 1*5. Calculate v(o).
-1
Let m(b) be the first derivative of b**4/4 + b**3 - 2*b**2 - b - 11. What is m(-4)?
-1
Let v(u) be the first derivative of -u**3 - 1/2*u**2 + u - 1/4*u**4 - 2. What is v(-3)?
4
Let a(f) be the third derivative of f**6/120 - f**4/24 - 7*f**2 + 4. What is a(2)?
6
Let f(x) = -1. Let u(h) = h - 1. Let b be 16/3 + (-1)/3. Let s(l) = b*f(l) + u(l). Calculate s(0).
-6
Let d(p) = -p**3 - 2*p**2 - p. Suppose 2*k - 3 = 5, -q = k - 2. Determine d(q).
2
Let z(u) = 15*u + 1. Let n(t) = -t**2 - 4*t + 6. Let l be n(-5). What is z(l)?
16
Let u(v) = -v + 3. Let y be ((-5)/(-25))/(5/175). Calculate u(y).
-4
Let l(m) = m**3 - m**2 - m - 1. Let s(z) = 5*z**3 - 5*z**2 - 3*z - 5. Let a(j) = -4*l(j) + s(j). Calculate a(0).
-1
Let k(d) = 3*d**3 + 9*d**2 + d - 3. Let o(x) = -x**3 - x**2 - x + 1. Let b(n) = k(n) + 4*o(n). What is b(4)?
5
Let d(a) = a + 4*a**3 - a**2 + 1 + a**3 + 0*a**3. Let m(c) = -c**2. Let b(i) = d(i) - 2*m(i). Calculate b(-1).
-4
Let j(d) = -d**3 + 5*d**2 - 4*d - 1. Suppose -28 = -3*q + q. Let x = q + -10. Give j(x).
-1
Let x = 4 - 2. Let g(h) = -2*h**2 - 1 + 0 + 2 + x*h. Calculate g(-1).
-3
Let m(h) be the second derivative of -h**4/12 + h**3/2 - 3*h**2 - 3*h - 8. Let c = 40 - 20. Let d be (-2 - c/(-6))*3. Give m(d).
-10
Suppose 3*a + 2*d + 2 = 4, -2*d + 6 = 5*a. Suppose -5*f + 50 = 5*y, -4*f - a = -3*y - 7. Let t(c) = -2 + 1 - 1 + c. Give t(y).
3
Let b = 10 + -11. Let y(z) = -3*z - 1. Give y(b).
2
Let h(l) be the second derivative of l**4/12 - l**3/6 + l. Let t = -18 - -21. Determine h(t).
6
Let x be (9 - 3) + -2 - -2. Let w(a) = -a**2 + 7*a - 9. Let i be w(x). Let z(y) = y**2 + 2*y - 1. Calculate z(i).
2
Let x(z) = -z**3 + z**2 + 2. Let m be 1/(-6) - (-8)/48. Give x(m).
2
Suppose -d + 2*i = -2*d - 9, -d = -4*i - 9. Let p(x) = x**2 - x - 3. Determine p(d).
9
Let i be 2 - (1 + 2/2). Suppose 3*p + 6 + 6 = i. Let h(g) be the first derivative of -3*g**2/2 - 5*g - 1. Calculate h(p).
7
Let u(b) = b**3 + 3*b**2 - 4*b + 2. Suppose 2*s - 2 = -20. Let f(d) = d + 5. Let z be f(s). Give u(z).
2
Let p(i) = -i - 1. Let f(w) = -w**2 + 8*w + 12. Let v(x) = -f(x) - 6*p(x). Calculate v(5).
9
Let g be 4 + (2/2 - 1). Suppose 0*l + 2*l = g. Let a(b) = b**3 + 1 + 5*b**l + 0*b - 3 + 6*b - 2*b. Give a(-4).
-2
Let n(a) = a**2 + a + 1. Let p = 8 - 11. Let c(r) = -7 + 0*r**2 + 3 + 5 - 2*r**2. Let u(t) = p*n(t) - c(t). Give u(-4).
-8
Suppose 20 = b + 4*b, b = 4*t + 8. Let u(y) = -5*y**2 - 12*y**3 + 4 + 3*y**3 + 3*y**2 - 3. What is u(t)?
8
Let f(m) be the third derivative of -m**5/120 - m**4/4 + m**3/6 + 2*m**2. Let s(p) be the first derivative of f(p). Give s(-5).
-1
Let d(n) be the second derivative of -n**4/12 - 4*n**3/3 - 3*n**2 + 23*n. What is d(-6)?
6
Let n(b) = b**3 - b**2 - b - 4. Let j be (-3)/(10/6 - 2). Let q = j - 9. Calculate n(q).
-4
Let d(r) = 19*r + 4 - 14*r + 8 + 2*r**2 - 8. Give d(-3).
7
Let r(n) = -6*n**3 + 4*n**2 + 6*n + 4. Let s(u) = 5*u**3 - 4*u**2 - 5*u - 3. Let h(m) = 4*r(m) + 5*s(m). Let g = 15 - 11. Give h(g).
-3
Let l(s) be the second derivative of -2*s - s**2 + 0 + 1/6*s**3. Determine l(2).
0
Suppose -i + 9 = 3. Let g be i/27 - 68/(-18). Let p(x) = x**2 - 6*x + 2. What is p(g)?
-6
Let m(n) = -3*n + 6. Let d(b) = -6*b**2 - 15*b + b**3 - 6 + 34*b - 12*b. Let u be d(5). Determine m(u).
-6
Let u(o) = o**2 + 8*o - 8. Let i(q) = -6*q + 3. Let m be i(2). Let l be u(m). Let a(t) = -t**3 + 2*t**2 - t + 1. Give a(l).
1
Let u(z) = z - 7. Let t be u(7). Suppose h - 27 = -f - 4*f, 0 = 4*h + f - 13. Let m(o) = t*o + 2*o + 2 - o**h - o. Give m(3).
-4
Let y(j) = j**2 + 4*j - 3. Suppose 4*n + x = 3*x + 22, -6 = -n + x. Suppose 0 = n*c - 0*c + 55. Let q = 6 + c. Give y(q).
2
Let n(t) = t**2 - 11*t + 9. Let j(v) = 2*v**2 - 22*v + 19. Let w(f) = -2*j(f) + 5*n(f). Let h be w(10). Let z(y) = 2*y**2 + 2*y - 2. What is z(h)?
10
Let v(d) = -d**3 + 2*d**2 - d - 1. Let h be v(3). Let u = 10 + h. Let j(z) = z**3 + 2*z**2 - z + 3. What is j(u)?
-3
Let g(p) = -9*p - 2. Let l(d) = 2*d - 1. Let n(o) = -g(o) + l(o). What is n(1)?
12
Let c(r) be the third derivative of -r**5/60 + r**4/3 - r**3/6 + 2*r**2. Calculate c(7).
6
Let z(j) = -3*j**2 - 4*j + 0*j**2 - j**3 + j - 4. Suppose -4*l - 3*v + 0 + 3 = 0, -5*l - 10 = v. Give z(l).
5
Suppose 0 = -2*g - g + 42. Let u be (-2)/(-4) - g/(-4). Suppose 0*o + u = -4*o. Let h(l) = -3*l**2 + l + 1. Calculate h(o).
-3
Let r(o) be the first derivative of -o**4/6 + o**2 - o - 5. Let q(z) be the first derivative of r(z). Calculate q(-2).
-6
Let v(d) = d**2 + 8*d + 7. Let y(o) = o. Let l be y(4). Suppose 0 = -l*t - 0*t. Suppose -g - 2 - 3 = t. What is v(g)?
-8
Let u(q) be the first derivative of -q**2/2 - 6*q - 2. What is u(-6)?
0
Let r(j) = -j**3 + 4*j**2 + 5*j + 2. Let t = 18 - 13. What is r(t)?
2
Let m(y) = -y**3 + 3*y**2 + 6*y + 7. Let j(b) = b**3 - 10*b**2 + 10*b - 4. Let t be j(9). Determine m(t).
-13
Let q(s) = 2*s**3 - s**2 - 3*s. Let m be q(2). Let g(x) = -x. Determine g(m).
-6
Let c(x) = 161*x**2 - 49*x - 49. Let r(p) = -20*p**2 + 6*p + 6. Let q = 103 - 54. Let v(k) = q*r(k) + 6*c(k). Give v(1).
-14
Let j(q) = -2 + 7*q + 0*q + 4 - 4*q. Let d(w) = 13*w + 7. Let i(b) = 4*d(b) - 18*j(b). Calculate i(-6).
4
Suppose 0 = -m + 3*n + 1 - 5, -2*n + 3 = -m. Let l(g) = -7*g**2 + 1. Determine l(m).
-6
Suppose 4*y - 3*u = u + 4, 0 = -5*y - 4*u + 32. Let o(m) = 3*m - 7. Let i(a) = -a + 3. Let b(g) = 5*i(g) + 2*o(g). Give b(y).
5
Let f(d) be the third derivative of d**4/24 - d**3/2 + 46*d**2. Calculate f(-3).
-6
Let x(g) = -5*g + 3. Let d be x(-6). Suppose -5*n = -i + 29, -5*n + i = -i + d. Let y(c) = 0*c**2 + 0*c**2 + c**2 + 2*c - 6. What is y(n)?
9
Let t = 12 + -12. Let k(q) = -q**3 - q**2 - q - 5. Calculate k(t).
-5
Let p(x) = 2 - x**2 - x - 4 + 2*x**2 + 3. Let n be p(1). Let z(l) = -6*l**3 + l**2 - l + 1. De